{"id":124,"date":"2012-05-07T06:43:48","date_gmt":"2012-05-07T06:43:48","guid":{"rendered":"http:\/\/redlovehunters.net\/?page_id=124"},"modified":"2012-05-07T06:43:56","modified_gmt":"2012-05-07T06:43:56","slug":"redgazelle-all-you-need-ada","status":"publish","type":"page","link":"https:\/\/redlovehunters.net\/?page_id=124","title":{"rendered":"REDGAZELLE ALL YOU NEED \u201dADA\u201d"},"content":{"rendered":"<p lang=\"en-GB\"><span style=\"font-family: Arial, sans-serif;\"><strong>REDGAZELLE ALL YOU NEED \u201dADA\u201d <\/strong><\/span><\/p>\n<p lang=\"en-GB\">\u00a0<span style=\"font-family: Arial, sans-serif;\">syntynyt: 12.5.1998- 3.3.2011<\/span><\/p>\n<p lang=\"fi-FI\"><span style=\"font-family: Arial, sans-serif;\">Lonkat B\/B<\/span><\/p>\n<p lang=\"fi-FI\"><span style=\"font-family: Arial, sans-serif;\">Clad vapaa <\/span><\/p>\n<p lang=\"fi-FI\"><span style=\"font-family: Arial, sans-serif;\">N\u00e4yttelyst\u00e4; 3 x sert, 3 x ROP, 1 x VSP. Useita Rop.beteraani sijoituksia.<\/span><\/p>\n<p lang=\"fi-FI\"><span style=\"font-family: Arial, sans-serif;\">Omistaja: P\u00e4ivi Lassila, Oulu<\/span><\/p>\n<p lang=\"fi-FI\"><span style=\"font-family: Arial, sans-serif;\">Kasvattaja: Sari Naukkarinen <\/span><\/p>\n<table dir=\"LTR\" width=\"100%\" cellspacing=\"0\" cellpadding=\"5\">\n<colgroup>\n<col width=\"118*\" \/>\n<col width=\"138*\" \/> <\/colgroup>\n<tbody>\n<tr valign=\"TOP\">\n<td rowspan=\"2\" width=\"46%\" height=\"147\">\n<p lang=\"fi-FI\"><span style=\"font-family: Arial, sans-serif;\"><strong>Em\u00e4n is\u00e4<\/strong><\/span><\/p>\n<p><span style=\"font-family: Arial, sans-serif;\"><strong>DANAWAY ROCK-A-FELLA<\/strong><\/span><\/p>\n<p><span style=\"font-family: Arial, sans-serif;\"><strong>FIN26562\/96 B<\/strong><\/span><\/td>\n<td width=\"54%\"><\/td>\n<\/tr>\n<\/tbody>\n<\/table>\n<p><span style=\"font-family: Arial, sans-serif;\"><strong>GB SH CH<\/strong><\/span><\/p>\n<p lang=\"fi-FI\"><span style=\"font-family: Arial, sans-serif;\"><strong>THENDARA KENNEDY<\/strong><\/span><\/p>\n<p lang=\"fi-FI\"><span style=\"font-family: Arial, sans-serif;\"><strong>KCSB2760CF<\/strong><\/span><\/p>\n<p lang=\"fi-FI\"><span style=\"font-family: Arial, sans-serif;\"><strong>(ei kuvattu)<\/strong><\/span><\/p>\n<p lang=\"fi-FI\">\n<p lang=\"fi-FI\"><span style=\"font-family: Arial, sans-serif;\"><strong>DANAWAY PHOEBE<\/strong><\/span><\/p>\n<p lang=\"fi-FI\"><span style=\"font-family: Arial, sans-serif;\"><strong>KCP6320401Q01<\/strong><\/span><\/p>\n<p lang=\"fi-FI\"><span style=\"font-family: Arial, sans-serif;\"><strong>(oikea 3, vas.3.yht:6)<\/strong><\/span><\/p>\n<p lang=\"fi-FI\"><span style=\"font-family: Arial, sans-serif;\"><strong>Em\u00e4n em\u00e4<\/strong><\/span><\/p>\n<p lang=\"fi-FI\"><span style=\"font-family: Arial, sans-serif;\"><strong>FRINAN IRISH SNOWQUEEN<\/strong><\/span><\/p>\n<p><span style=\"font-family: Arial, sans-serif;\"><strong>FIN14869\/95 C<\/strong><\/span><\/p>\n<p>&nbsp;<\/p>\n<p>&nbsp;<\/p>\n<p><span style=\"font-family: Arial, sans-serif;\"><strong>SCARLETTI ITALIAN GIGOLO<\/strong><\/span><\/p>\n<p><span style=\"font-family: Arial, sans-serif;\"><strong>S51802\/90 C<\/strong><\/span><\/p>\n<p><span style=\"font-family: Arial, sans-serif;\"><strong>TACTIC\u00b4S MAGIC MEMORY<\/strong><\/span><\/p>\n<p><span style=\"font-family: Arial, sans-serif;\"><strong>S66469\/90 A2<\/strong><\/span><\/p>\n<p>&nbsp;<\/p>\n","protected":false},"excerpt":{"rendered":"<p>REDGAZELLE ALL YOU NEED \u201dADA\u201d \u00a0syntynyt: 12.5.1998- 3.3.2011 Lonkat B\/B Clad vapaa N\u00e4yttelyst\u00e4; 3 x sert, 3 x ROP, 1 x VSP. Useita Rop.beteraani sijoituksia. Omistaja: P\u00e4ivi Lassila, Oulu Kasvattaja: Sari Naukkarinen Em\u00e4n is\u00e4 DANAWAY ROCK-A-FELLA FIN26562\/96 B GB SH CH THENDARA KENNEDY KCSB2760CF (ei kuvattu) DANAWAY PHOEBE KCP6320401Q01 (oikea 3, vas.3.yht:6) Em\u00e4n em\u00e4 FRINAN [&hellip;]<\/p>\n","protected":false},"author":1,"featured_media":0,"parent":22,"menu_order":0,"comment_status":"closed","ping_status":"closed","template":"","meta":{"footnotes":""},"class_list":["post-124","page","type-page","status-publish","hentry"],"_links":{"self":[{"href":"https:\/\/redlovehunters.net\/index.php?rest_route=\/wp\/v2\/pages\/124","targetHints":{"allow":["GET"]}}],"collection":[{"href":"https:\/\/redlovehunters.net\/index.php?rest_route=\/wp\/v2\/pages"}],"about":[{"href":"https:\/\/redlovehunters.net\/index.php?rest_route=\/wp\/v2\/types\/page"}],"author":[{"embeddable":true,"href":"https:\/\/redlovehunters.net\/index.php?rest_route=\/wp\/v2\/users\/1"}],"replies":[{"embeddable":true,"href":"https:\/\/redlovehunters.net\/index.php?rest_route=%2Fwp%2Fv2%2Fcomments&post=124"}],"version-history":[{"count":2,"href":"https:\/\/redlovehunters.net\/index.php?rest_route=\/wp\/v2\/pages\/124\/revisions"}],"predecessor-version":[{"id":126,"href":"https:\/\/redlovehunters.net\/index.php?rest_route=\/wp\/v2\/pages\/124\/revisions\/126"}],"up":[{"embeddable":true,"href":"https:\/\/redlovehunters.net\/index.php?rest_route=\/wp\/v2\/pages\/22"}],"wp:attachment":[{"href":"https:\/\/redlovehunters.net\/index.php?rest_route=%2Fwp%2Fv2%2Fmedia&parent=124"}],"curies":[{"name":"wp","href":"https:\/\/api.w.org\/{rel}","templated":true}]}}